r - c - n. Calculate the remainder when r is divided by 10.
7
Suppose 4*o - 137 = -4*p + o, -2*p + 2*o = -58. What is the remainder when 409 is divided by p?
25
Suppose 213*z - 63 = 204*z. Calculate the remainder when 35 is divided by z.
0
Suppose 5*t = 3 + 12. What is the remainder when 119 is divided by (t/(-9))/((-6)/342) - -1?
19
Suppose 2*l - 149 + 39 = 0. What is the remainder when l is divided by 16*((-9)/4 - -4)?
27
Let j(c) be the second derivative of -c**4/12 + 4*c**3 + 37*c**2/2 + 2*c + 11. Calculate the remainder when 50 is divided by j(25).
2
Suppose 34 = 2*l - 3*b, l + 5*b + 75 = 6*l. Calculate the remainder when 83 is divided by l.
6
Let b(m) = -m**2 - 3*m + 18. Let o be b(0). Calculate the remainder when 336/o + (-1)/(-3) is divided by 10.
9
Suppose -w - 9*t + 50 = -12*t, 0 = 3*w + 4*t - 111. What is the remainder when 158 is divided by w?
35
Let q(c) = -31*c + 327. Let r = 12 - -5. What is the remainder when q(9) is divided by r?
14
Let o = 95 + -79. Calculate the remainder when 94 is divided by o.
14
Let b(u) = 3*u**3 - 36*u**2 + 7*u - 15. Calculate the remainder when b(12) is divided by 8.
5
Let z(i) = -7*i**2 + 31*i + 79. Let t = -184 - -125. Let x = t - -109. What is the remainder when x is divided by z(6)?
11
Let k = -21 + 36. Suppose 33*b = 30*b + k. Calculate the remainder when 29 is divided by b.
4
Suppose -3*s + 35 = 2*o, 3*o - 2*o = -2*s + 19. Let k(n) = -3*n**2 + 7*n. Let d be k(6). Let r = -30 - d. Calculate the remainder when r is divided by o.
10
Suppose -2*g + g = 4*i - 10, -5*g + 3*i = -50. Suppose 0 = 7*s - g*s + 450. Suppose s - 15 = 5*x. Calculate the remainder when 104 is divided by x.
23
Let t(s) be the third derivative of s**5/60 + 11*s**4/24 + 11*s**3/6 - 46*s**2. Calculate the remainder when 87 is divided by t(-12).
18
Suppose 18 = w + 5*g, -5*w + g - 7 = 33. Let t = -83 - w. Let b = t + 140. What is the remainder when b is divided by 13?
12
Suppose -55 = -v - 2*o, 4*v - o + 4*o = 215. Calculate the remainder when v is divided by 16.
5
Suppose -3*m + 419 = 2*h, 5*h = 3*m - 0*h - 391. Calculate the remainder when m is divided by 71.
66
Let r(o) = -o**3 + 17*o**2 - 63*o + 42. What is the remainder when r(11) is divided by 22?
9
Suppose 12*i - 9*i = 6. Suppose f - 4*f + 12 = 0. Suppose -i*j = 2*g - 76, 9*g - f*g = -3*j + 124. What is the remainder when j is divided by 9?
6
Suppose 4*g - 16 = 3*o - 54, 5*o - 54 = 2*g. Let c be o - 3*(-2)/(-2). Suppose -s + 8 = -c. Calculate the remainder when 88 is divided by s.
13
Let i = -5 - -36. Suppose 0 = 2*m + k - 13, -k + 10 = -3*k. Calculate the remainder when i is divided by m.
4
Let d = -32 + 38. Suppose -4*v = 2*s - 16 - 14, 0 = -5*s - 3*v + 89. Calculate the remainder when -2*3/d + (0 - -74) is divided by s.
16
Let f(i) = 2*i**2 + i + 16. What is the remainder when f(-9) is divided by 10?
9
Let n = -47 + 49. What is the remainder when 1 is divided by (2/6)/(1/(n - -1))?
0
Suppose -928 = -5*a - 3*j, -3*j - 4 - 8 = 0. What is the remainder when a is divided by 48?
44
Let w(o) = 4*o**3 - o**2 + 1. Let u = 197 + -192. Calculate the remainder when w(2) is divided by (4*15)/u - -4.
13
Suppose 0 = -5*n - 27*n + 2912. What is the remainder when 634 is divided by n?
88
Let b(v) = -3*v + 18. Let f(p) = -29*p - 23. What is the remainder when f(-10) is divided by b(-9)?
42
Suppose -5*a = 4 + 66. Let l = 35 + a. Let w = -2891 - -2899. What is the remainder when l is divided by w?
5
Suppose -5*f + 246 = -349. Let s = 1534 - 1519. What is the remainder when f is divided by s?
14
Let l(z) = 45*z**2 + 7*z + 8. What is the remainder when l(3) is divided by 87?
86
Let y(q) be the second derivative of 31*q**5/20 - q**4/12 + q**3/3 - q**2 - 3*q. Calculate the remainder when 58 is divided by y(1).
28
Let g = -451 - -474. What is the remainder when 95 is divided by g?
3
Suppose -2*t - 13432 = -6*t + 5*y, 2*y - 13404 = -4*t. Let h = t + -1625. What is the remainder when 85 is divided by (-2)/13 - h/(-78)?
19
Calculate the remainder when (276/42)/((-2)/56*-2) is divided by 54.
38
Suppose 6*g - 200 = 4*g. Suppose -10*z = -g - 30. What is the remainder when 49 is divided by z?
10
Let x = 1 + 2. What is the remainder when x/5 - (-6 - 262/5) is divided by 12?
11
Let x(a) = -29*a**3 - 1 - 6*a**2 - 6*a + 16*a**3 + 12*a**3. Let l be (18/4)/((-6)/8). Calculate the remainder when x(l) is divided by 12.
11
Let a(o) = 17*o - 333. What is the remainder when 60 is divided by a(20)?
4
Let x(q) = -q - 2. Let c(n) = 45*n + 17. Let k be c(-2). Let u = k + 80. What is the remainder when u is divided by x(-6)?
3
Let k(d) = -d**3 - 20*d**2 - 38*d + 49. Calculate the remainder when k(-18) is divided by 46.
39
Suppose 5*s - 9 = -p - 5, -2*s = -p + 32. What is the remainder when 46 is divided by p?
22
Let x be 1/6*(5 + -1)*6. Suppose -v + 12 = 2*d, 2*d - x*d + 60 = 4*v. Calculate the remainder when 59 is divided by v.
11
Let c be 2/(-1 - 1)*0. Let d be (59 - c) + -2 + -2. Let b = -39 + d. What is the remainder when 47 is divided by b?
15
Let y = -61 + 120. Suppose -y*i + 62*i = 66. Calculate the remainder when 40 is divided by i.
18
Let o = -26 + 47. Let t(x) = x**3 - 23*x**2 + 22*x + 12. Calculate the remainder when o is divided by t(22).
9
Suppose 2*v = -4*z + 210, 0 = -z - v + 19 + 35. What is the remainder when 188 is divided by z?
35
Let y = 15 + -10. Suppose -2*u - 48 = -y*u. Calculate the remainder when 63 + -1 + 0 + 1 is divided by u.
15
Suppose 0*f + 2*f = 0. Suppose f*q - 10 = q. Let x = -1 - q. What is the remainder when 17 is divided by x?
8
Let f(b) = b + 18. Let m be f(-13). Suppose 5*w + 3*t = 40, 0 = -m*w + 4*t - 0*t + 40. Let q = 9 + w. Calculate the remainder when 33 is divided by q.
16
Calculate the remainder when 64 is divided by 1/(-11) - (-11684)/506.
18
Suppose -175 = -5*i + j + 73, 2*i - 86 = -4*j. What is the remainder when 97 is divided by i?
48
Let u be ((-295)/(-10) - -1)*(-1 - 3). Let o = u - -252. Calculate the remainder when o is divided by 22.
20
Calculate the remainder when ((-40)/100)/((-2)/1810) is divided by 100.
62
Calculate the remainder when 74 is divided by (4 - (10 - 10)) + 21.
24
Let n(c) = 4*c - 2. Let h be n(2). Let t(b) = 3*b - 5. Suppose 5*u + 2*x - 96 - 24 = 0, -x = 0. What is the remainder when u is divided by t(h)?
11
Suppose 2*k + 3 = 3. Suppose 5*i - 4*o - 239 = k, 165 = 3*i + 4*o - 4. What is the remainder when i is divided by 9?
6
Suppose 0*k - 4*k - 16 = 0, -k + 8 = -2*a. Calculate the remainder when 1/((1/a)/(20/(-8))) is divided by 5.
0
Let p be 8/44 + 18882/(-33). Let x be (p/(-55))/(2/5). Let z = x + 6. What is the remainder when z is divided by 11?
10
Let w(f) = 10*f - 278. What is the remainder when w(33) is divided by 20?
12
Let w(b) = -2*b**2 - 3*b + 5*b**2 + 3*b**2 - b**3. Calculate the remainder when (-33)/((-3)/(-3) + -2) is divided by w(3).
15
Let h(o) = 4 - 4*o + 1 + 7 + 5*o. Let n be h(-10). Suppose 1 = 2*k - 3, n*k - 164 = -5*c. Calculate the remainder when c is divided by 11.
10
Calculate the remainder when (-6)/(-9)*(-1782)/(-12) is divided by 39.
21
Suppose 0 = -0*w + 2*w + 4*c - 92, 20 = -4*c. Calculate the remainder when w is divided by 38.
18
Let n(c) = -3*c - 5. Let u be n(-3). Suppose u*v - 3*v - 35 = 0. Calculate the remainder when v is divided by 19.
16
Let a(q) = -q**2 - 14*q + 18. Let s = -34 + 64. Calculate the remainder when a(-13) is divided by s/4 - (-3 + 10/4).
7
Let s(f) = -f**2 - 10*f + 11. Let x be s(-11). Suppose x*a + 6*a - 258 = 0. What is the remainder when a is divided by 15?
13
Let c(b) = -b**3 + 11*b**2 + 6*b + 1. Let f(k) = -k**3 - k**2 + 69. Let h be f(0). Let a = h + -46. What is the remainder when c(11) is divided by a?
21
Suppose -2*j - 256 = -5*q, -4*q - j - 4*j + 185 = 0. Let m(n) = -n**3 + 57. What is the remainder when m(0) is divided by ((-24)/(-20))/(4/q)?
12
Let n(k) = 3*k**2 + 1766*k - 1776*k - k**2 - 8. Calculate the remainder when 27 is divided by n(7).
7
Calculate the remainder when 2/11 - ((-852)/33 + 0) is divided by 16.
10
Let w(a) = 2*a**2 + 2*a + 1. Let f(n) = -n + 10. Let o be f(6). Suppose -z - j = 1 - 44, -j = -o*z + 147. What is the remainder when z is divided by w(-3)?
12
Suppose 0 = -4*x + x + 48. Let j = 130 + -69. What is the remainder when j is divided by x?
13
Suppose 5*k - 2*a 